106
Let u(m) = -2*m**2 - 181*m + 708. Calculate u(4).
-48
Let h(z) = 4*z**2 + 176*z + 215. Give h(-42).
-121
Let a(t) = -494*t + 1474. Calculate a(3).
-8
Let l(m) = 20*m - 15. Determine l(-7).
-155
Let d(j) = -j**3 - 8*j**2 - 15*j + 3. Determine d(-7).
59
Let x(s) = -242*s**2 - 2*s + 2. What is x(-1)?
-238
Let d(r) = r**3 - 6*r**2 + 4*r + 11. Determine d(4).
-5
Let m(q) = -116*q**3 + 4*q + 3. Determine m(-1).
115
Let x(q) = -q**2 + 4*q + 125. Calculate x(13).
8
Let q(h) = -60*h + 1386. Give q(12).
666
Let n(k) = -k**3 + 28*k**2 + 56*k + 46. Determine n(30).
-74
Let h(f) = 2*f**2 - 93*f + 952. Determine h(31).
-9
Let s(g) = g + 226. Calculate s(28).
254
Let u(r) = -r**3 + 37*r**2 - 182*r + 1644. What is u(33)?
-6
Let l(i) = -i**2 + 7*i + 644. Calculate l(-22).
6
Let p(r) = r**3 + 28*r**2 - 46*r - 55. Give p(-29).
438
Let s(m) = -48*m + 3380. Determine s(71).
-28
Let s(f) = 17*f**3 + 525*f**2 - 61*f + 5. Calculate s(-31).
-26
Let s(a) = -a**3 + 9*a**2 - 12*a - 7. Calculate s(8).
-39
Let k(b) = -3*b**3 + 11*b**2 + 34*b - 180. Calculate k(4).
-60
Let l(d) = d**3 - 42*d**2 + 21*d - 884. What is l(42)?
-2
Let r(v) = 24*v - 564. What is r(23)?
-12
Let j(a) = -a**3 - 3*a**2 + 171*a + 515. Determine j(-3).
2
Let f(g) = 97*g**3 + 8*g**2 - 38*g + 32. Determine f(1).
99
Let g(u) = 2402*u - 24024. What is g(10)?
-4
Let i(q) = -4*q**2 + 50*q + 91. What is i(-2)?
-25
Let c(s) = -s**2 - 24*s + 96. What is c(-27)?
15
Let a(u) = -6*u**3 + 99*u**2 - 50*u + 19. What is a(16)?
-13
Let o(f) = 12*f**2 - 157*f - 8. Calculate o(15).
337
Let n(t) = 2*t**3 + 214*t**2 + 101*t + 10806. Determine n(-107).
-1
Let u(j) = -2*j**2 - 8*j + 48. Calculate u(6).
-72
Let f(v) = -2*v**3 - 10*v**2 + 67*v + 325. Calculate f(-6).
-5
Let l(s) = 12*s**2 + 10*s + 5. Determine l(-4).
157
Let l(m) = 3219*m + 3233. Give l(-1).
14
Let t(m) = 32*m**3 - 23*m**2 + 22*m. Calculate t(1).
31
Let t(s) = -7*s**3 - 18*s**2 + 108*s - 87. What is t(1)?
-4
Let q(j) = -j**2 + 163*j + 1551. What is q(172)?
3
Let l(w) = 555*w - 3223. Give l(6).
107
Let x(o) = 189*o**2 + 1700*o - 4. Calculate x(-9).
5
Let r(x) = 17*x - 93. Give r(8).
43
Let d(v) = 19*v**3 - 96*v**2 - 4*v + 50. Calculate d(5).
5
Let w(o) = o**3 + 33*o**2 + 217*o - 299. Determine w(-23).
0
Let c(j) = 2*j**3 + 16*j**2 + 28*j + 368. What is c(-9)?
-46
Let a(k) = 14*k - 817. Give a(57).
-19
Let i(f) = f**2 + 6*f + 9. Give i(-10).
49
Let k(f) = -9*f**2 - 395*f + 22. What is k(-44)?
-22
Let j(c) = -c**3 + c**2 + 112*c - 539. Determine j(-12).
-11
Let v(p) = 7*p**2 + 49*p + 8. What is v(-7)?
8
Let t(j) = 270*j + 31852. Calculate t(-118).
-8
Let m(v) = -v**2 - 2*v + 434. Calculate m(20).
-6
Let s(y) = 2*y**3 + 16*y**2 - 23*y - 59. Determine s(-9).
-14
Let v(f) = -137*f - 689. Calculate v(-5).
-4
Let j(t) = -2*t**3 - 3*t**2 + 14*t - 13. Determine j(-9).
1076
Let s(v) = 102*v - 8035. Determine s(78).
-79
Let b(r) = 33*r - 563. Give b(17).
-2
Let a(n) = -3*n**3 - 4*n**2 - 29*n - 61. What is a(-2)?
5
Let n(g) = -17*g**2 - 48*g + 50. What is n(-4)?
-30
Let p(r) = -521*r + 3128. What is p(6)?
2
Let n(w) = 7*w**2 - 191*w + 46. Calculate n(27).
-8
Let h(t) = -502*t + 5524. Give h(11).
2
Let y(f) = 11*f - 135. Calculate y(14).
19
Let a(t) = 46*t**2 + 61*t - 60. Determine a(1).
47
Let a(s) = -s**2 + 25*s + 3494. Calculate a(-48).
-10
Let l(s) = -3*s**3 + 12*s**2 - 32*s + 5. What is l(3)?
-64
Let b(d) = 462*d + 4329. What is b(-10)?
-291
Let t(h) = 3*h**2 - 32*h - 730. Give t(-14).
306
Let m(f) = -f**3 - 41*f**2 + 44*f + 35. What is m(-42)?
-49
Let d(a) = a**3 + 12*a**2 + 8*a - 1. Calculate d(-7).
188
Let u(l) = 13*l + 137. What is u(-9)?
20
Let x(s) = -12*s**2 + 121*s - 137. Determine x(8).
63
Let i(u) = -4*u + 29. Calculate i(12).
-19
Let u(l) = l**3 - 33*l**2 + 15*l + 571. Give u(32).
27
Let x(a) = 4*a**3 - 182*a**2 - 87*a - 237. Give x(46).
-7
Let p(a) = a**3 - 9*a**2 - 7*a - 63. Determine p(11).
102
Let y(c) = 2*c**3 - 11*c**2 - 112*c - 193. Determine y(-3).
-10
Let l(w) = 9*w - 14. What is l(7)?
49
Let m(d) = 8*d**3 - 104*d**2 + 8*d + 17. What is m(13)?
121
Let q(p) = -2*p**3 + 91*p**2 - 442*p + 84. Give q(40).
4
Let f(w) = 4*w**3 - 82*w**2 + 51*w + 30. Calculate f(20).
250
Let b(a) = -a**3 + 10*a**2 + 23*a - 122. Give b(11).
10
Let x(m) = 3319*m - 152678. Give x(46).
-4
Let p(o) = 2*o**2 - 15*o - 61. Calculate p(13).
82
Let a(d) = 7*d**2 + 321*d - 47. What is a(-46)?
-1
Let v(s) = -3219*s + 74047. What is v(23)?
10
Let l(a) = -65*a + 743. Calculate l(12).
-37
Let b(y) = 9*y**2 - 8*y + 1. Determine b(0).
1
Let c(s) = 42*s - 79. Determine c(7).
215
Let s(g) = 10*g + 123. Calculate s(-15).
-27
Let k(x) = -44*x - 1007. Calculate k(-23).
5
Let a(y) = -6*y**2 + 116*y - 150. Determine a(16).
170
Let u(d) = 195*d - 1572. Determine u(8).
-12
Let m(q) = 128*q + 3068. Determine m(-24).
-4
Let p(s) = -36*s + 2014. Give p(55).
34
Let q(c) = -17*c - 309. Calculate q(-7).
-190
Let a(w) = -15*w - 119. Determine a(-9).
16
Let k(s) = -s**3 - 16*s**2 + 38*s + 37. Give k(-18).
1
Let x(o) = o**3 - 21*o + 33. Give x(4).
13
Let a(k) = -456*k + 25065. Calculate a(55).
-15
Let c(v) = v**3 - 14*v**2 - 7*v - 61. Determine c(15).
59
Let h(g) = -21*g + 168. Calculate h(8).
0
Let m(b) = 4*b - 103. Give m(26).
1
Let i(a) = -a**2 + 33*a - 78. What is i(30)?
12
Let l(c) = 295*c + 887. Determine l(-3).
2
Let c(t) = t**2 - 26*t - 43. Determine c(27).
-16
Let g(l) = -1047*l - 2100. Calculate g(-2).
-6
Let u(a) = -321*a + 1886. Calculate u(6).
-40
Let h(s) = 90*s + 2776. Determine h(-30).
76
Let w(h) = -139*h + 850. Determine w(6).
16
Let y(m) = -m**2 + 46*m + 17. Give y(47).
-30
Let f(q) = -51*q**2 + 104*q - 5. Give f(2).
-1
Let s(z) = 87*z - 579. Calculate s(7).
30
Let o(w) = w**3 + 3*w**2 + 28. What is o(-3)?
28
Let d(t) = -8*t**3 - 15*t**2 + 60*t - 55. Calculate d(2).
-59
Let q(j) = j**2 - 17*j + 86. What is q(11)?
20
Let z(u) = -u**3 + 54*u**2 + 243*u - 636. Determine z(58).
2
Let r(c) = 3*c**3 - 97*c**2 + 31*c + 46. Determine r(32).
14
Let j(k) = k**2 - 125*k + 3829. Determine j(70).
-21
Let t(s) = -157*s - 195. Determine t(-3).
276
Let p(l) = -3*l**2 - 17*l + 19. Give p(-8).
-37
Let z(m) = 2*m**3 + 23*m**2 + 20*m + 33. What is z(-11)?
-66
Let l(h) = h**2 + 2*h + 22. Calculate l(-9).
85
Let u(m) = m**2 + 51*m - 517. Calculate u(-60).
23
Let o(y) = y**3 - 128*y**2 + 604*y + 70. Give o(5).
15
Let i(p) = -p**3 + 6*p**2 + 21*p - 29. What is i(8)?
11
Let k(b) = 2*b**2 - 8*b - 2. Give k(6).
22
Let h(b) = 81*b**2 - 94*b + 94. What is h(1)?
81
Let l(x) = -x**2 + 14*x + 549. Calculate l(26).
237
Let o(f) = -139*f + 689. Determine o(5).
-6
Let q(o) = 3275*o + 91701. Calculate q(-28).
1
Let y(x) = -x**3 - 50*x**2 - 2*x. Determine y(0).
0
Let w(b) = -4*b**3 + 60*b**2 - 60*b + 8. Determine w(14).
-48
Let s(o) = 3*o**2 + 38*o + 115. Give s(-11).
60
Let h(z) = 236*z - 2840. What is h(12)?
-8
Let o(b) = b**3 - 42*b**2 - 87*b - 69. Calculate o(44).
-25
Let g(b) = b**2 - b - 51. Give g(0).
-51
Let y(q) = -5*q**2 - 94*q - 178. What is y(-2)?
-10
Let i(y) = y**3 + 23*y**2 - 26*y + 31. What is i(-24)?
79
Let u(z) = -z**3 + 22*z**2 - 104*z - 2. What is u(7)?
5
Let m(j) = -3*j**2 - 6*j + 515. Give m(-15).
-70
Let v(f) = 8*f**2 - 31*f + 27. Calculate v(5).
72
Let t(b) = 42*b + 411. What is t(-8)?
75
Let m(i) = -26*i + 758. Give m(34).
-126
Let x(d) = -390*d - 6597. Determine x(-17).
33
Let u(c) = 81*c - 1145. Give u(14).
-11
Let h(g) = 23*g**3 + 530*g**2 + 18*g - 86. Determine h(-23).
29
Let q(u) = -u**3 - 16*u**2 - u - 107. Determine q(-16).
-91
Let i(x) = x**3 - 6*x**2 - 6*x + 227. What is i(-7)?
-368
Let j(m) = -638*m + 2891. Calculate j(5).
-299
Let m(a) = 31*a + 119. Determine m(-2).
57
Let g(o) = 7*o**2 + 29*o + 4. Give g(-4).
0
Let v(w) = 3*w + 44. Give v(-21).
-19
Let n(u) = 5*u**3 - 165*u**2 - 170*u - 9. Calculate n(34).
-9
Let w(a) = a**3 + 66*a**2 + 67*a + 101. What is w(-65)?
-29
Let g(w) = -593*w + 4631. Calculate g(8).
-113
Let p(f) = 11*f - 64. Determine p(16).
112
Let x(y) = 2*y**3 - 19*y**2 + 23*y - 254. Determine x(10).
76
Let r(t) = -t**2 - 59*t - 13. What is r(-60)?
-73
Let y(t) = -10*t**3 - t**2 + t + 31. Give y(-3).
289
Let j(x) = -2*x**2 - 28*x + 1450. What is j(21)?
-20
Let q(v) = -v**2 - 98*v - 275. Determine q(-3).
10
Let y(n) = 4*n**3 - 60*n**2 - 13*n + 96. Give y(15).
-99
Let